 -204 = -2*o - 5*i + 31. Is o composite?
True
Let w(k) = -157*k**2 - 10*k + 7. Let y(t) = -105*t**2 - 7*t + 5. Let r(c) = -5*w(c) + 7*y(c). Is r(-3) a composite number?
True
Let y(z) = 1260*z - 1. Let h(w) = 2520*w - 1. Let l(b) = -6*h(b) + 11*y(b). Let x be l(-2). Suppose -9*u + x = -4*u. Is u composite?
False
Suppose -3*t + 51705 = 14958. Suppose 4*h = -2*v - 15 + 4937, 0 = 5*v - 4*h - t. Is v a prime number?
False
Suppose 3*z + 4*q = -25 + 5, -5*z = -3*q + 43. Is (1484/z)/(-7)*26 a prime number?
False
Suppose -72531 = -5*d + 2*v, -5*d + 12*v = 11*v - 72533. Is d composite?
True
Let h = -724 - -1143. Is h a composite number?
False
Suppose 3*r + u - 30221 = 0, 7 = -5*u + 17. Is r composite?
True
Let m(o) = -o**3 + 5*o**2 + 2*o - 6. Let r be m(5). Let g(a) = 4*a**2 + 11*a - 42. Let t be g(13). Suppose t = -c + r*c. Is c prime?
False
Let w(q) = 498*q + 497. Is w(37) composite?
True
Suppose 3*h - 30 - 6 = -2*m, 4*h = 0. Suppose -m*o = -27*o + 29655. Is o a prime number?
False
Suppose 4*k = 2*u + 2016 + 3972, -3*k - 4*u + 4513 = 0. Is k a prime number?
True
Let g = 37 + -347. Suppose -20*y + 14*y = -2646. Let v = g + y. Is v a composite number?
False
Let u(s) = -50*s**2 - 2. Let t be u(3). Let h(m) = m**2 + 24*m - 16. Let r be h(-11). Let i = r - t. Is i composite?
False
Let z(i) = i**3 - 22*i**2 + 56*i + 45. Is z(28) a prime number?
True
Suppose -3*b + 42 = 27. Suppose 0*y - 2*y = -2*v - 10, -4*y - 7 = b*v. Suppose 0 = -s - y*s - l + 554, l - 369 = -2*s. Is s composite?
True
Let t(m) = 82*m**2 + m. Let s be t(-9). Suppose 0 = -4*b - 5*z + 13251, z = -2*b + 6*z + s. Is b a prime number?
False
Let i be -7 - ((-4)/(-2) - 0). Let r = i + 5. Let m = 51 - r. Is m a composite number?
True
Suppose 5*t = 15, -4*t - 155896 = -4*c + 30496. Is c a prime number?
True
Suppose 4*r - 11521 + 32514 = 5*p, 0 = p + 8*r - 4225. Is p a prime number?
True
Suppose -660 = -4*c - 2*c. Suppose c = 6*o - 130. Suppose -3 = s - o. Is s prime?
True
Suppose 7638 - 2566 = 16*f. Is f prime?
True
Let k be (-4)/(-8)*9*-2. Is (-137)/k + 6/(-27) composite?
True
Suppose l = -4*f + 20, 0*f = l - 3*f + 8. Suppose -l*t + t = -873. Is t a composite number?
True
Let z(n) = 3461*n**2 - 13*n + 43. Is z(4) prime?
False
Let k = 29 + -24. Is 212 - (5 - 20/k) a prime number?
True
Let w(z) = z**3 + 7*z**2 - 7*z + 18. Let l be w(-8). Is -3*l/45 + (-575)/(-3) composite?
False
Is 30/8*3309 + 35/140 a prime number?
True
Let t(d) = 101*d - 52. Is t(10) prime?
False
Is 12689*((-9 - -11) + -1) a composite number?
False
Let x be (-5)/(-3) - 1/(-3). Suppose 0 = -40*z + 36*z - 416. Is (5 - x) + z/(-2) prime?
False
Let r be -3 + ((-12)/4 - -8). Suppose -2080 = -z + m, -3*z + r*m + 10391 = 2*z. Suppose b + p = 416, 0*b = 5*b + 4*p - z. Is b composite?
True
Suppose -2*t = -7 - 17. Let m = 11 - t. Let w = m - -66. Is w a prime number?
False
Suppose 3*u - 11*u = 8. Is -14*(u - (-1305)/(-10)) a prime number?
False
Let w be -2*(6*3/(-12) - 2). Suppose -2*a + 13113 = w*a. Is a a composite number?
True
Suppose 15 = 22*d - 19*d. Suppose -3*a - 1072 = d*f - 4275, 0 = -a - f + 1065. Is a a composite number?
False
Let m(i) = 84*i - 8 - 8 - 17 + 4. Is m(12) composite?
True
Suppose -6119 = 13*y - 15*y - 5*l, -4*y + 3*l + 12173 = 0. Is y composite?
True
Let p(a) = -8 + a + 12*a**2 + a**3 + a**2 + 0*a. Let u be p(-6). Let f = u - 115. Is f composite?
True
Let t(p) = 10*p**2 + 3*p + 1. Let v be t(-1). Suppose -v*c = -5*c - 789. Is c a composite number?
False
Let o be (1/(-2))/((-3)/(-15672)). Is o/(-14) - (-2 - 33/(-21)) a composite number?
True
Suppose -4*l + 12469 = -15487. Is l prime?
False
Let i = -1051 + 2575. Suppose -5*q - o + 3829 = -4*o, -2*q + 5*o = -i. Is q prime?
False
Suppose 2*x - 1906 = 8. Let a = 1598 - x. Is a a prime number?
True
Suppose 2452 = 6*f - 4250. Is f a composite number?
False
Let w = 11 - 6. Suppose -w*l - l + 30 = 0. Suppose 2*q - 4 = q, -2*m + 778 = l*q. Is m prime?
True
Let c = 304 - -15. Suppose -6*g + 5*g + c = 0. Is g prime?
False
Suppose -4*m + 2*m = j + 5, -5*m - 2 = -j. Let p = j + 7. Suppose 2*b + p*d - 96 = -28, -4*b + 136 = -d. Is b a prime number?
False
Suppose 28 = 2*f + 2*f - 4*v, 5*f - 44 = -4*v. Suppose -f*i = -3*i - 2045. Is i a prime number?
True
Is -1*(338440/5)/(-8) a prime number?
True
Suppose 0 = 48*b - 45*b - 3837. Is b a prime number?
True
Suppose -z - 473 + 159 = 0. Let x = 27 - z. Is x a prime number?
False
Let l(a) = a**2 - 2*a - 25. Let c be l(11). Suppose -9*z + 839 = c. Is z prime?
False
Suppose 0 = 4*p - 5*b - 2228 - 2847, 2*p + 4*b = 2518. Let i = 1966 - p. Is i a prime number?
True
Let d(o) = 20*o**2 - 5*o + 3. Let p(l) = 13*l**2 - 3*l + 2. Let y(b) = 5*d(b) - 7*p(b). Is y(-3) a prime number?
False
Let h(n) be the second derivative of n**4/12 + n**3/6 + 133*n**2/2 + 6*n. Suppose 0 = -4*x - 7 + 7. Is h(x) a composite number?
True
Let d be -1548 - (-1)/(3/9). Let l = d - -2968. Is l composite?
False
Suppose 11362 = 2*x + 11*x. Let b = -620 + x. Is b a composite number?
True
Let a = 77622 - 19988. Is a prime?
False
Let t(w) = -w**3 + 5 + 4 - 2*w**2 + 8*w - w. Let l(v) = -v**3 - 2*v**2 + 17*v + 6. Let f be l(-5). Is t(f) composite?
False
Suppose -18*l + l + 193783 = 0. Is l a prime number?
True
Let z = -104 - -99. Let k(v) = -29*v - 2. Is k(z) a prime number?
False
Suppose 44 = -3*p + 4*g, 4*p + 6*g + 44 = 4*g. Is (1221/(-36)*-3)/((-3)/p) a composite number?
True
Suppose 264 + 70 = 2*u - b, -501 = -3*u + 3*b. Is u a prime number?
True
Suppose 2*u = -3*u - 75. Let a be 58/10 - (-12)/u. Suppose a*b + 44 - 119 = 0. Is b prime?
False
Let v be (-18)/6*10/(-6). Suppose -u - v = -2*u, -4*d = -2*u - 6. Is -2 + d + 84/4 prime?
True
Suppose -3*b + 2*b + 2 = 0. Let n be (10/(-8))/((-8)/32). Suppose c = -b*y - c + 442, -1065 = -5*y + n*c. Is y prime?
False
Let r(g) = -9*g - 39. Let n be r(-5). Suppose 0*f = n*f - 348. Is f a prime number?
False
Let j(y) = -y**3 + 47*y**2 - 60*y + 131. Is j(38) prime?
True
Suppose 5*a = -3*y + 4951, 4*a - 6*y = -y + 3946. Is a prime?
False
Suppose -75791 = -4*z - t, -5*t = 10*z - 12*z + 37879. Is z a prime number?
True
Is 0 + (-6)/4 - 84812/(-56) a composite number?
True
Is 5992 + -4 + (9 - 8) composite?
True
Let v(t) = 24*t**2 + 3*t + 7. Is v(-6) prime?
True
Let x = 35 - 33. Suppose 0 = x*l - 1115 - 871. Is l a prime number?
False
Is (7/(-4))/((-28)/686672) prime?
False
Let y = -12 - -10. Let d be (-1186)/(-3)*3/y. Let t = d + 900. Is t a prime number?
True
Suppose k + 4*u + 13 = 0, 4*k + 72 = -0*k + 4*u. Let l = -41 - k. Is ((-424)/l)/(2/12) prime?
False
Let d = -98644 + 165327. Is d prime?
True
Let f(g) = 989*g**2 + 20*g - 43. Is f(2) a prime number?
False
Let x(j) be the first derivative of -j**4/4 - 28*j**3/3 - 10*j**2 - 39*j + 16. Is x(-28) a composite number?
False
Let f(y) = y**3 + y**2 + 2*y + 7. Let o be f(5). Let l = o + 234. Is l prime?
True
Suppose 5*y = -3*o - 0*o - 23, -5*o - 13 = 2*y. Is (-3696)/(-3 - -2) - o a composite number?
False
Let y = 7 - 2. Suppose -8*n + 3*n = 25, -2*n - 205 = -y*h. Is h prime?
False
Is 101094/15 - 6/10 prime?
False
Suppose -4*x + 20582 = -3*i, 4*x - 2*i = 7369 + 13215. Is x composite?
False
Suppose 2*r - 3*a = 6818, -11*r + 9*r + 6834 = a. Is r a composite number?
True
Let f be 1/2 - 662/(-4). Let c(l) = -l**2 - 18*l - 14. Let d be c(-13). Let n = f - d. Is n a composite number?
True
Is (-176)/(-12)*(-1245)/(-20) a prime number?
False
Let d = -77 - -50. Let y be (-3)/2*(-18)/d. Is (1/y)/2*-478 composite?
False
Let s(x) = -38*x - 3. Suppose -2*b - 5*g + 15 = 0, -b - 2*g = g - 10. Is s(b) prime?
False
Let b(m) = 2*m - 3. Let f be b(3). Suppose 7 = f*g + 4. Is 506/4 - g/(-2) composite?
False
Suppose -8*r = -5*z - 10*r + 306715, -25 = 5*r. Is z prime?
False
Let x(u) = -120 + 24*u**2 + 8*u - u**2 + 136. Is x(-7) prime?
True
Let r = 10 - 7. Let a(w) = 3*w + 2 + 10*w**3 + w**2 + w**2 + 2*w**3. Is a(r) a prime number?
True
Suppose 0 = -3*i - m + 15628, -2*i + 35*m + 10413 = 30*m. Is i prime?
True
Suppose -55*r = -80*r + 312475. Is r prime?
False
Suppose 0 = j + 5, -14*g + 4*j = -15*g + 129. Is g a prime number?
True
Let g = -3870 - -7459. Is g a composite number?
True
Let j = 8 - 6. Is (8/j + -5)*(2 - 559) a composite number?
False
Suppose 5*u + 7*r - 2*r = -12530, -3*u + 3*r = 7542. Is (-64)/(-16) - (1